{"id":277,"date":"2026-02-17T15:45:00","date_gmt":"2026-02-17T14:45:00","guid":{"rendered":"https:\/\/ithack.fr\/?page_id=277"},"modified":"2026-02-17T15:48:14","modified_gmt":"2026-02-17T14:48:14","slug":"nos-problematiques","status":"publish","type":"page","link":"https:\/\/ithack.fr\/index.php\/nos-problematiques\/","title":{"rendered":"Nos probl\u00e9matiques"},"content":{"rendered":"\n<p>Saviez-vous que le terme \u00ab\u00a0<em>probl\u00e9matique<\/em>\u00a0\u00bb nous vient directement de l&rsquo;expression \u00ab\u00a0Nos probl\u00e8mes \u00e0 tiques\u00a0\u00bb largement r\u00e9pandue \u00e0 la Renaissance lors de la c\u00e9l\u00e8bre invasion des acariens ectoparasites de Paris ? Et bien maintenant oui. Et sans ITHACK, vous ne l&rsquo;auriez jamais d\u00e9couvert. \u00ab\u00a0<em>D\u00e9couvert<\/em>\u00ab\u00a0, qui vient d&rsquo;ailleurs de la bourgeoisie du Moyen-\u00c2ge contemporain, o\u00f9 les couverts \u00e9taient enlev\u00e9s pour r\u00e9v\u00e9ler des mots doux grav\u00e9s sur les \u00e9paisses tables en bois \u00e0 l&rsquo;intention des convives. <br>Et nous vous laissons chercher d&rsquo;o\u00f9 nous vient le terme \u00ab\u00a0<em>convive<\/em>\u00a0\u00bb ; la curiosit\u00e9 se cultive, tout comme les tomates cerises. <\/p>\n\n\n\n<p><strong>Actuellement, nos \u00e9quipes explorent des probl\u00e9matiques tout aussi ambitieuses que d\u00e9licieuses : <\/strong><\/p>\n\n\n\n<figure class=\"wp-block-gallery has-nested-images columns-2 is-cropped wp-block-gallery-1 is-layout-flex wp-block-gallery-is-layout-flex\">\n<figure class=\"wp-block-image size-large\"><img loading=\"lazy\" decoding=\"async\" width=\"724\" height=\"1024\" data-id=\"278\" src=\"https:\/\/ithack.fr\/wp-content\/uploads\/2026\/02\/aa-CelluleDeCrise-724x1024.png\" alt=\"\" class=\"wp-image-278\" srcset=\"https:\/\/ithack.fr\/wp-content\/uploads\/2026\/02\/aa-CelluleDeCrise-724x1024.png 724w, https:\/\/ithack.fr\/wp-content\/uploads\/2026\/02\/aa-CelluleDeCrise-212x300.png 212w, https:\/\/ithack.fr\/wp-content\/uploads\/2026\/02\/aa-CelluleDeCrise-768x1086.png 768w, https:\/\/ithack.fr\/wp-content\/uploads\/2026\/02\/aa-CelluleDeCrise.png 843w\" sizes=\"auto, (max-width: 724px) 100vw, 724px\" \/><\/figure>\n\n\n\n<figure class=\"wp-block-image size-large\"><img loading=\"lazy\" decoding=\"async\" width=\"724\" height=\"1024\" data-id=\"285\" src=\"https:\/\/ithack.fr\/wp-content\/uploads\/2026\/02\/aa-Mansplaining-724x1024.png\" alt=\"\" class=\"wp-image-285\" srcset=\"https:\/\/ithack.fr\/wp-content\/uploads\/2026\/02\/aa-Mansplaining-724x1024.png 724w, https:\/\/ithack.fr\/wp-content\/uploads\/2026\/02\/aa-Mansplaining-212x300.png 212w, https:\/\/ithack.fr\/wp-content\/uploads\/2026\/02\/aa-Mansplaining-768x1086.png 768w, https:\/\/ithack.fr\/wp-content\/uploads\/2026\/02\/aa-Mansplaining.png 843w\" sizes=\"auto, (max-width: 724px) 100vw, 724px\" \/><\/figure>\n\n\n\n<figure class=\"wp-block-image size-large\"><img loading=\"lazy\" decoding=\"async\" width=\"724\" height=\"1024\" data-id=\"279\" src=\"https:\/\/ithack.fr\/wp-content\/uploads\/2026\/02\/aa-MilitantismePolitique-724x1024.png\" alt=\"\" class=\"wp-image-279\" srcset=\"https:\/\/ithack.fr\/wp-content\/uploads\/2026\/02\/aa-MilitantismePolitique-724x1024.png 724w, https:\/\/ithack.fr\/wp-content\/uploads\/2026\/02\/aa-MilitantismePolitique-212x300.png 212w, https:\/\/ithack.fr\/wp-content\/uploads\/2026\/02\/aa-MilitantismePolitique-768x1086.png 768w, https:\/\/ithack.fr\/wp-content\/uploads\/2026\/02\/aa-MilitantismePolitique.png 843w\" sizes=\"auto, (max-width: 724px) 100vw, 724px\" \/><\/figure>\n\n\n\n<figure class=\"wp-block-image size-large\"><img loading=\"lazy\" decoding=\"async\" width=\"724\" height=\"1024\" data-id=\"283\" src=\"https:\/\/ithack.fr\/wp-content\/uploads\/2026\/02\/aa-Dissonance-724x1024.png\" alt=\"\" class=\"wp-image-283\" srcset=\"https:\/\/ithack.fr\/wp-content\/uploads\/2026\/02\/aa-Dissonance-724x1024.png 724w, https:\/\/ithack.fr\/wp-content\/uploads\/2026\/02\/aa-Dissonance-212x300.png 212w, https:\/\/ithack.fr\/wp-content\/uploads\/2026\/02\/aa-Dissonance-768x1086.png 768w, https:\/\/ithack.fr\/wp-content\/uploads\/2026\/02\/aa-Dissonance.png 843w\" sizes=\"auto, (max-width: 724px) 100vw, 724px\" \/><\/figure>\n\n\n\n<figure class=\"wp-block-image size-large\"><img loading=\"lazy\" decoding=\"async\" width=\"725\" height=\"1024\" data-id=\"284\" src=\"https:\/\/ithack.fr\/wp-content\/uploads\/2026\/02\/aa-ConduiteDuChangement-725x1024.png\" alt=\"\" class=\"wp-image-284\" srcset=\"https:\/\/ithack.fr\/wp-content\/uploads\/2026\/02\/aa-ConduiteDuChangement-725x1024.png 725w, https:\/\/ithack.fr\/wp-content\/uploads\/2026\/02\/aa-ConduiteDuChangement-212x300.png 212w, https:\/\/ithack.fr\/wp-content\/uploads\/2026\/02\/aa-ConduiteDuChangement-768x1085.png 768w, https:\/\/ithack.fr\/wp-content\/uploads\/2026\/02\/aa-ConduiteDuChangement.png 843w\" sizes=\"auto, (max-width: 725px) 100vw, 725px\" \/><\/figure>\n\n\n\n<figure class=\"wp-block-image size-large\"><img loading=\"lazy\" decoding=\"async\" width=\"724\" height=\"1024\" data-id=\"280\" src=\"https:\/\/ithack.fr\/wp-content\/uploads\/2026\/02\/aa-PerformativeConsulting-724x1024.png\" alt=\"\" class=\"wp-image-280\" srcset=\"https:\/\/ithack.fr\/wp-content\/uploads\/2026\/02\/aa-PerformativeConsulting-724x1024.png 724w, https:\/\/ithack.fr\/wp-content\/uploads\/2026\/02\/aa-PerformativeConsulting-212x300.png 212w, https:\/\/ithack.fr\/wp-content\/uploads\/2026\/02\/aa-PerformativeConsulting-768x1086.png 768w, https:\/\/ithack.fr\/wp-content\/uploads\/2026\/02\/aa-PerformativeConsulting.png 843w\" sizes=\"auto, (max-width: 724px) 100vw, 724px\" \/><\/figure>\n\n\n\n<figure class=\"wp-block-image size-large\"><img loading=\"lazy\" decoding=\"async\" width=\"724\" height=\"1024\" data-id=\"282\" src=\"https:\/\/ithack.fr\/wp-content\/uploads\/2026\/02\/aa-Fresque-724x1024.png\" alt=\"\" class=\"wp-image-282\" srcset=\"https:\/\/ithack.fr\/wp-content\/uploads\/2026\/02\/aa-Fresque-724x1024.png 724w, https:\/\/ithack.fr\/wp-content\/uploads\/2026\/02\/aa-Fresque-212x300.png 212w, https:\/\/ithack.fr\/wp-content\/uploads\/2026\/02\/aa-Fresque-768x1086.png 768w, https:\/\/ithack.fr\/wp-content\/uploads\/2026\/02\/aa-Fresque.png 843w\" sizes=\"auto, (max-width: 724px) 100vw, 724px\" \/><\/figure>\n\n\n\n<figure class=\"wp-block-image size-large\"><img loading=\"lazy\" decoding=\"async\" width=\"724\" height=\"1024\" data-id=\"281\" src=\"https:\/\/ithack.fr\/wp-content\/uploads\/2026\/02\/aa-ChargeMentale-724x1024.png\" alt=\"\" class=\"wp-image-281\" srcset=\"https:\/\/ithack.fr\/wp-content\/uploads\/2026\/02\/aa-ChargeMentale-724x1024.png 724w, https:\/\/ithack.fr\/wp-content\/uploads\/2026\/02\/aa-ChargeMentale-212x300.png 212w, https:\/\/ithack.fr\/wp-content\/uploads\/2026\/02\/aa-ChargeMentale-768x1086.png 768w, https:\/\/ithack.fr\/wp-content\/uploads\/2026\/02\/aa-ChargeMentale.png 843w\" sizes=\"auto, (max-width: 724px) 100vw, 724px\" \/><\/figure>\n<\/figure>\n\n\n\n<div style=\"height:100px\" aria-hidden=\"true\" class=\"wp-block-spacer\"><\/div>\n\n\n\n<figure class=\"wp-block-pullquote\"><blockquote><p><em>\u00ab\u00a0Be you, be proud of you because you can be do what we want to do<\/em>\u00ab\u00a0<\/p><cite>Fran\u00e7ois hollande<\/cite><\/blockquote><\/figure>\n","protected":false},"excerpt":{"rendered":"<p>Saviez-vous que le terme \u00ab\u00a0probl\u00e9matique\u00a0\u00bb nous vient directement de l&rsquo;expression \u00ab\u00a0Nos probl\u00e8mes \u00e0 tiques\u00a0\u00bb largement r\u00e9pandue \u00e0 la Renaissance lors de la c\u00e9l\u00e8bre invasion des acariens ectoparasites de Paris ? Et bien maintenant oui. Et sans ITHACK, vous ne l&rsquo;auriez jamais d\u00e9couvert. \u00ab\u00a0D\u00e9couvert\u00ab\u00a0, qui vient d&rsquo;ailleurs de la bourgeoisie du Moyen-\u00c2ge contemporain, o\u00f9 les couverts [&hellip;]<\/p>\n","protected":false},"author":1,"featured_media":0,"parent":0,"menu_order":0,"comment_status":"closed","ping_status":"closed","template":"","meta":{"_themeisle_gutenberg_block_has_review":false,"footnotes":""},"class_list":["post-277","page","type-page","status-publish","hentry"],"_links":{"self":[{"href":"https:\/\/ithack.fr\/index.php\/wp-json\/wp\/v2\/pages\/277","targetHints":{"allow":["GET"]}}],"collection":[{"href":"https:\/\/ithack.fr\/index.php\/wp-json\/wp\/v2\/pages"}],"about":[{"href":"https:\/\/ithack.fr\/index.php\/wp-json\/wp\/v2\/types\/page"}],"author":[{"embeddable":true,"href":"https:\/\/ithack.fr\/index.php\/wp-json\/wp\/v2\/users\/1"}],"replies":[{"embeddable":true,"href":"https:\/\/ithack.fr\/index.php\/wp-json\/wp\/v2\/comments?post=277"}],"version-history":[{"count":5,"href":"https:\/\/ithack.fr\/index.php\/wp-json\/wp\/v2\/pages\/277\/revisions"}],"predecessor-version":[{"id":290,"href":"https:\/\/ithack.fr\/index.php\/wp-json\/wp\/v2\/pages\/277\/revisions\/290"}],"wp:attachment":[{"href":"https:\/\/ithack.fr\/index.php\/wp-json\/wp\/v2\/media?parent=277"}],"curies":[{"name":"wp","href":"https:\/\/api.w.org\/{rel}","templated":true}]}}